?
25
Let i(t) = 3*t**2 + 85*t + 531. Let a be i(-9). Let n = -6 - -7. Calculate the greatest common divisor of a and n.
1
Let y = 54 - 8. Let n be 7/(-14) - (-1421)/(-14). Let l = n - -424. What is the greatest common divisor of l and y?
46
Suppose 0 = -a - 2*x + 94, -a + 2*x - 53 = -151. Calculate the greatest common divisor of 6 and a.
6
Suppose -7*o + 3*o = -32. Let n be (-2)/4 + 18/4. Suppose -n*m + o = -24. What is the highest common factor of 8 and m?
8
Suppose z = -z + 4. Let i be 6 + (-2 + z)/(-1). Let s = 395 - 365. What is the highest common factor of i and s?
6
Let o = -13399 + 13412. Calculate the highest common factor of 26364 and o.
13
Let a be 5*38*(0 - (7 - 8)). Calculate the greatest common factor of 1615 and a.
95
Suppose 145*h - 154*h = -63. Suppose -h*u + 104 = -36. What is the highest common divisor of u and 90?
10
Let h be (((-87)/(-406))/((-3)/(-21)))/(6/44). What is the highest common divisor of 671 and h?
11
Suppose -19*b + 31*b - 6468 = 0. Let i = -394 + b. What is the greatest common divisor of 58 and i?
29
Let q be ((-3)/4)/1 + (-5)/4. Let y(d) = -9*d**3 + 3*d**2 + 5*d + 7. Let f be y(q). Calculate the greatest common factor of 27 and f.
27
Let k = -883 + 515. Let n = -128 - k. Suppose n = 4*s - s. Calculate the highest common factor of s and 16.
16
Let d(y) be the third derivative of -2/3*y**3 + 0*y + 7/30*y**5 + 0 - 1/8*y**4 + 13*y**2. Let f be d(-2). Calculate the highest common divisor of 87 and f.
29
Let a = 386 + -378. Let z be (-6)/4 + (a - 39/(-6)). Let n be 1/(-1)*0 - -39. Calculate the greatest common factor of n and z.
13
Let a be (-3)/(9/(-39)*1). Let x = a + -14. Let q be (-66)/x + 2/(-1). Calculate the highest common factor of q and 8.
8
Suppose -c + 3*r - 153 = -3552, 3*r - 6816 = -2*c. Calculate the highest common factor of 45 and c.
15
Let q(u) = -2*u**3 + u**2 + 182. Let v be q(0). Calculate the highest common factor of 2275 and v.
91
Suppose 0 = -3*j - d + 17, 0 = 2*j + 3*j - d - 15. Suppose j*c - 5*l = 49, c = 4*l - 8*l - 14. What is the highest common factor of c and 39?
3
Suppose -g + 3*t - t = -44, 0 = 4*g + 2*t - 226. Let k be ((-5)/(-3))/((-7)/(-252)). Let u = k - g. What is the greatest common divisor of 18 and u?
6
Let h be 8967/(-7) + -4 + 1 + 5. Let n = h + 1854. Calculate the highest common divisor of 50 and n.
25
Suppose w - 2*w = -13. Suppose -2914 = -15*o - 874. Let f = -45 + o. Calculate the greatest common divisor of f and w.
13
Let r(v) = v**2 + 2*v + 10. Suppose 0 = 4*p - 2*k + 8, 4*p - 3*p - k + 1 = 0. Let t be r(p). What is the greatest common factor of 182 and t?
13
Let d be 1*2198/(6 + 1). Let h = -114 + d. Calculate the highest common factor of 25 and h.
25
Suppose 0 = -5*q + 3*q + 4*b + 570, 4*q - 1244 = -5*b. Calculate the greatest common factor of q and 4859.
43
Suppose -10*t + 7 = -9*t. Suppose -1607 = -5*i + 773. Suppose -i = -125*q + 121*q. Calculate the greatest common factor of q and t.
7
Let n be 0/(-4 + 6 - -1). Let k be (8/(-20) - n)/(1/(-20)). Let l be 73/1 - (0 + 1). What is the highest common divisor of k and l?
8
Let m(b) = -10*b + 52. Let z be m(5). Suppose -248 = -4*k + 2*x, -64 = 4*k + z*x - 312. Calculate the highest common factor of 155 and k.
31
Suppose -3*j + 3 = -0*j. Let r = -17585 - -17601. What is the greatest common factor of r and j?
1
Suppose 3*u + h - 108 = 0, -6*h + 5*h + 36 = u. Let z = 246 - 237. Calculate the greatest common divisor of u and z.
9
Suppose 20 = 5*n, 167*n - 164*n = -4*g + 13580. What is the highest common divisor of g and 192?
64
Let a be 6/4 - (-42)/84. Suppose 45 = 2*x + a*m - 3*m, 2*x - 36 = 4*m. Calculate the greatest common divisor of x and 816.
24
Suppose -11353 = -3*y - 5*x, 4*x - 14974 = -3*y - 3626. What is the highest common divisor of 128 and y?
64
Let y be 7/((-14)/8) - -56. Let q = -31 + y. Suppose -5*k + q = -39. Calculate the highest common factor of 48 and k.
12
Let q(o) = -o**3 - 12*o**2 + 28*o + 18. Let f(w) = w**3 - 4*w**2 - 2*w + 1. Let r be f(3). Let u be q(r). Calculate the highest common factor of u and 45.
9
Suppose 3*c - 26 = -c + 3*t, t + 22 = 4*c. Let i be (27 - 0)/((-3)/86). Let v be 10/(-55) - i/22. Calculate the highest common factor of c and v.
5
Let b be ((-3376)/(14 - 6))/((-4)/6). Let h = b - 283. Suppose -l + c = -0*c - 70, 5*l + 4*c = h. What is the greatest common divisor of l and 10?
10
Suppose 5*x - 310 + 70 = 3*c, 25 = -5*c. Suppose 2*r - 119 = -19. Let h = r + -20. Calculate the highest common divisor of h and x.
15
Let r = -1511 - -3059. What is the highest common divisor of r and 108?
36
Let b = -372 + 372. Suppose 19*o - 199 + 66 = b. Calculate the greatest common factor of o and 28.
7
Suppose -2*u - 52 - 6 = -3*s, -4*s + 5*u + 82 = 0. Suppose -2*q - 3*y = -21, -53*q = -50*q + 5*y - 33. What is the highest common factor of q and s?
6
Let f(j) = 7*j**3 + 148*j**2 + 14*j + 32. Let u be f(-21). Suppose -3*m + 36 - 363 = 0. Let d = m + u. Calculate the highest common divisor of 28 and d.
14
Suppose 2*r - 320 = 2*n + 50, 2*n = -2*r + 386. Calculate the greatest common divisor of 2187 and r.
27
Suppose 0 = 27*r - 3*r - 1080. Let d(p) = 2*p**2 + 7*p + 9. Let u be d(-8). What is the highest common divisor of u and r?
9
Let n = -1 - -1. Let a(i) = -i**2 + 11*i**3 + 10 - 1 - 2*i**3 - 8*i**3. Let z be a(n). Calculate the highest common divisor of z and 72.
9
Let o be 50*(917/35 + 9). Calculate the highest common factor of o and 1280.
160
Suppose 4*d - 2*i = d - 73, 0 = 4*d + 3*i + 120. Let q = d + 63. What is the highest common divisor of q and 180?
36
Let y = -199 - -175. Suppose 3*r - 41 = -h, 0*h + 4*r = -4*h + 132. Let b = y + h. What is the greatest common factor of b and 15?
5
Let j(o) be the first derivative of -o**4/4 + o**3 + 3*o**2 - 6*o - 1. Let k = -150 - -153. Let b be j(k). Calculate the greatest common divisor of b and 60.
12
Suppose -2*o + 3*q = -33, 0 = o - 2*q - 0 - 14. Let d = o - 25. Let c(h) = 76*h**2. Let x be c(d). What is the greatest common divisor of x and 190?
38
Suppose 17*h = 9*h + 144. Suppose -h*x + 157 = -923. Calculate the highest common divisor of x and 30.
30
Let y be -2 - (-2 + 3)*-16. Suppose -18 = -4*q + y. Suppose q*x - 13 = 27. Calculate the highest common divisor of 15 and x.
5
Suppose 26*r = 22*r - 640. Let l = r + 210. Calculate the highest common factor of 150 and l.
50
Suppose -3498 = -8*f + 881 + 13237. What is the greatest common divisor of f and 36?
6
Let y be -3 + 8/(-20)*-5 + 7. Suppose -q + 14 = y*q. Suppose -2*v + v = 4*r + 9, -5*v = q*r - 45. Calculate the greatest common divisor of v and 121.
11
Let k be 2417/7 - 6/21. Let c be (-3 - -1)*k/(-30). Suppose -57 = -4*d + c. Calculate the greatest common divisor of d and 180.
20
Suppose 9*c - 2064 + 1956 = 0. Calculate the highest common factor of 12 and c.
12
Let n be (2 - (-1 + 9))/(9/(-252)). What is the highest common factor of 1428 and n?
84
Suppose 60*w - 1085 = 9415. What is the greatest common factor of 525 and w?
175
Let x = 56 - 210. Let m = 220 + x. Calculate the greatest common divisor of 297 and m.
33
Suppose 471 = 16*t + 33*t - 19. Let k be 10 - (1 - (-3 + 4)). Calculate the greatest common factor of k and t.
10
Let g(j) = 21*j**2 + 4*j - 12. Suppose 5*o - 22 = -4*z, -o - 2 = -z - 1. Let t be g(o). Calculate the greatest common factor of t and 10.
10
Let x(b) be the second derivative of 3*b**3/2 - 51*b**2/2 + 31*b. Let z be x(8). What is the highest common factor of 42 and z?
21
Let j be (10/(-15))/((-1)/(-21))*-1. Let q be 6/63*-3 - (-4470)/j. What is the highest common divisor of 29 and q?
29
Suppose -225531 = -211*o + 73878. Calculate the highest common factor of o and 66.
33
Let a = 259 - -5. Let i = 357 - a. What is the greatest common divisor of 31 and i?
31
Suppose 9133 = 194*p - 113087. Calculate the highest common factor of p and 22995.
315
Let a be 18 - 16/12*(37 - 31). Calculate the highest common divisor of 2855 and a.
5
Let p be 334/1169 + (-23)/14*-68. Calculate the greatest common factor of 3472 and p.
112
Let q = 1177 - 1029. Calculate the highest common divisor of q and 703.
37
Suppose 3*m - 66 = 40*f - 41*f, 62 = f + 5*m. What is the greatest common divisor of f and 344?
8
Suppose -4*n + 268 = -4*u, 3*u - 295 = -5*n - 0*n. Suppose 684 = -n*a + 74*a. What is th